1341 + 253741?
252400
In base 7, what is 15663 + -3145?
12515
In base 9, what is 16538547 + -16?
16538531
In base 3, what is 1 + -10120100202220211?
-10120100202220210
In base 9, what is -3 + -401213101?
-401213104
In base 14, what is 7ba + 4d694?
50070
In base 14, what is -2b72633 + 5?
-2b7262c
In base 13, what is 1a7c835 + 5?
1a7c83a
In base 11, what is 708 + 165a1?
171a9
In base 7, what is -134351 - 250?
-134631
In base 16, what is 550 - -9a4?
ef4
In base 5, what is -232101001 - 2?
-232101003
In base 4, what is 321001123 - 1320?
320333203
In base 7, what is 221042 - 1146?
216563
In base 7, what is -554264043 - -5?
-554264035
In base 15, what is 8 + -307a89?
-307a81
In base 14, what is 3 - 118d407?
-118d404
In base 12, what is 2 - a739944?
-a739942
In base 7, what is -4 - -305136140?
305136133
In base 12, what is -1b326 - 1637?
-20961
In base 2, what is 1001000111000110101011011 + 11?
1001000111000110101011110
In base 15, what is -39 + 1027?
edd
In base 2, what is 111101010110011 + -110101010?
111100100001001
In base 9, what is -13256 + -133784?
-147151
In base 6, what is -1101044523 + -1?
-1101044524
In base 8, what is 72 - -1075451?
1075543
In base 2, what is -100000100010001011010000 + -101000?
-100000100010001011111000
In base 3, what is -1 + -1102202220012100?
-1102202220012101
In base 5, what is 10034130310 + 342?
10034131202
In base 15, what is 31758 + -e2?
31666
In base 4, what is -30332233010110 + 2?
-30332233010102
In base 14, what is 1a2840c + 6?
1a28414
In base 15, what is -47bb9 + 115?
-47aa4
In base 14, what is 2 - 328c17d?
-328c17b
In base 3, what is 1000 - -121222201112?
121222202112
In base 7, what is 1211 - -1455302?
1456513
In base 8, what is 3 - -1760201?
1760204
In base 9, what is -65068403 - 0?
-65068403
In base 7, what is 331046 + 4652?
336031
In base 14, what is 29a + -4194d?
-41693
In base 16, what is 97833 - 2?
97831
In base 6, what is 2350044154 - -5?
2350044203
In base 11, what is -14 - 605a2?
-60606
In base 13, what is -228 - 238b9?
-23b14
In base 6, what is 133510201513 - -1?
133510201514
In base 13, what is 75c + -39b2bb?
-39a85c
In base 9, what is 147 + -1016855?
-1016707
In base 2, what is -1 + 1111001011111101101110?
1111001011111101101101
In base 6, what is 13333 + -1521?
11412
In base 9, what is -7 + 5067325?
5067317
In base 5, what is -210003 + 10143002?
4432444
In base 10, what is 4242 + -611?
3631
In base 13, what is 112b - 389b1?
-37883
In base 4, what is -213232 - 231031?
-1110323
In base 8, what is 5730716 - -111?
5731027
In base 5, what is 10 - -1322404041?
1322404101
In base 12, what is -25728 + 1771?
-23b77
In base 6, what is -2105 - -250245?
244140
In base 8, what is -17616720 + 13?
-17616705
In base 7, what is 1 + 3515525332?
3515525333
In base 9, what is -2162 + 202158?
188886
In base 12, what is -28 + b0082?
b0056
In base 14, what is 21 - -c5a4b?
c5a6c
In base 15, what is -e2 - 5038d?
-50480
In base 10, what is 36054 + 5?
36059
In base 9, what is 1187850 - 72?
1187767
In base 11, what is -56 - 250a33?
-250a89
In base 8, what is -670753 + -77?
-671052
In base 11, what is -a6 - -935a9?
93503
In base 16, what is -31 - 265005?
-265036
In base 6, what is 152332543 + 3?
152332550
In base 9, what is 5 + -16613002?
-16612886
In base 14, what is caa81 - -26?
caaa7
In base 16, what is 72f5f1 - 10?
72f5e1
In base 8, what is -4 - 114227103?
-114227107
In base 6, what is -4 + 13012512441?
13012512433
In base 6, what is 20 - 21155121?
-21155101
In base 14, what is bd1 - 29a0?
-1bad
In base 2, what is -100100010111000011 + 1010?
-100100010110111001
In base 12, what is 1269 - 1b1?
1078
In base 6, what is -2 + -3300141053?
-3300141055
In base 16, what is -5 + 11e13c3?
11e13be
In base 6, what is -252 + 1301334?
1301042
In base 2, what is 10100111001000001000111011 - 10?
10100111001000001000111001
In base 4, what is 10 - 2230203001031?
-2230203001021
In base 16, what is dcf8 - 5?
dcf3
In base 16, what is -5 + -45b3bfc?
-45b3c01
In base 11, what is -22a04 - 221?
-23125
In base 5, what is 43442 + 1400242?
1444234
In base 14, what is -36ac - 2428c?
-2795a
In base 10, what is 27 + -400276?
-400249
In base 8, what is 4577 + 55455?
62254
In base 4, what is 22 - 2320332031023?
-2320332031001
In base 5, what is -2 - 4324020401?
-4324020403
In base 7, what is 361245246 - -5?
361245254
In base 7, what is -464434416 + -2?
-464434421
In base 9, what is -12257 + 618?
-11538
In base 7, what is 2603500215 + 0?
2603500215
In base 3, what is 2120 - 122110210022?
-122110200202
In base 8, what is -56 - -2375271?
2375213
In base 11, what is -413 - 42639?
-42a51
In base 13, what is 2817 - 668?
217c
In base 14, what is 1 + -b069aa?
-b069a9
In base 3, what is 10111 + -22221201?
-22211020
In base 15, what is -a + 3bca4?
3bc99
In base 3, what is 111022210110 + -12011?
111022121022
In base 3, what is -102 + -1102202120202121?
-1102202120210000
In base 3, what is -2112002210212 - -1020202?
-2112001120010
In base 3, what is 12 - 11100011?
-11022222
In base 7, what is -4 + 26153610?
26153603
In base 16, what is -217d84a2 - 4?
-217d84a6
In base 10, what is -606247 - 98?
-606345
In base 8, what is -6344327 + 15?
-6344312
In base 6, what is 34 - -14054023?
14054101
In base 2, what is -1011110100 + 10110011111011?
10101000000111
In base 14, what is -1065c77 - 47?
-1065cc0
In base 14, what is -5 + 7d32343?
7d3233c
In base 12, what is 2 + -277968a3?
-277968a1
In base 12, what is -18236 - -2413?
-15a23
In base 13, what is 2 + a4c548?
a4c54a
In base 7, what is 345255 - -10436?
356024
In base 2, what is -1010011111100010101 - -101000?
-1010011111011101101
In base 11, what is 1786 + 8a20?
a6a6
In base 11, what is 4aa4340 - -2?
4aa4342
In base 3, what is 22020 + -1120020002?
-1112220212
In base 10, what is -3201 + 379?
-2822
In base 5, what is 23440 + -24421?
-431
In base 9, what is -15844 - -763?
-15071
In base 5, what is -41221144242 + 3?
-41221144234
In base 5, what is -214123301 - 23?
-214123324
In base 2, what is 1001011111110011110101 + 100111?
1001011111110100011100
In base 13, what is -2 - 289aa82?
-289aa84
In base 2, what is 1110 + -110110001101010010001100?
-110110001101010001111110
In base 9, what is 4318464 + 0?
4318464
In base 8, what is -150666733 - 17?
-150666752
In base 5, what is -4342343342 + -24?
-4342343421
In base 11, what is -a8953 + -34a?
-a91a2
In base 4, what is -331130133121 - -112?
-331130133003
In base 15, what is -4e3bc - -1d?
-4e39e
In base 3, what is -101001020022 - 10?
-101001020102
In base 12, what is 65761 - 8b6?
64a67
In base 9, what is -2 + 1386155?
1386153
In base 3, what is -2 + 10121122220?
10121122211
In base 14, what is -5c6b8 - -1b?
-5c69b
In base 2, what is -10100111111100110 - -1111?
-10100111111010111
In base 3, what is -1101120 + 102111022?
101002202
In base 5, what is -2132224030 + 10?
-2132224020
In base 10, what is 2 - 3312770?
-3312768
In base 4, what is -2213110133 - -3330?
-2213100203
In base 5, what is 22114322343 - 3?
22114322340
In base 8, what is 13552 - -50401?
64153
In base 2, what is -100000111111101000010101 - 110?
-100000111111101000011011
In base 13, what is -4 + 746527c?
7465278
In base 5, what is -4 - -121114040120?
121114040111
In base 8, what is 11 + 2426377?
2426410
In base 15, what is 976 + 80c?
1283
In base 15, what is -4 - 8c85667?
-8c8566b
In base 15, what is 943dc5 + 3?
943dc8
In base 7, what is 410234 - -1154?
411421
In base 4, what is 203 - 1001220210103?
-1001220203300
In base 5, what is -4 + 33132314010?
33132314001
In base 2, what is -1111 + 1100010111000010000?
1100010111000000001
In base 10, what is 1127722 + -1?
1127721
In base 10, what is -26 + -26142661?
-26142687
In base 6, what is 43 - 40205122?
-40205035
In base 7, what is 4304 - -51366?
56003
In base 12, what is 1 - -11594778?
11594779
In base 3, what is 112 - -221012202012?
221012202201
In base 16, what is 56f0 + 1311?
6a01
In base 8, what is 222 - -142613?
143035
In base 16, what is 1f - 22369?
-2234a
In base 11, what is -23002 - 5081?
-28083
In base 4, what is -1 + -21220020011311?
-21220020011312
In base 14, what is -a3bad1 + -50?
-a3bb41
In base 11, what is -16590 + -914?
-173a4
In base 16, what is cc5 - -11184?
11e49
In base 7, what is -4 - 2554534?
-2554541
In base 2, what is -1110111110000011011101 + 110